, 567857
What are the prime factors of 3961274?
2, 1980637
List the prime factors of 45730638.
2, 3, 2540591
What are the prime factors of 923145095?
5, 47, 67, 58631
List the prime factors of 2261397485.
5, 1049, 431153
What are the prime factors of 460940880?
2, 3, 5, 1920587
What are the prime factors of 1206643396?
2, 7, 43094407
What are the prime factors of 6837871021?
59, 239, 8219
List the prime factors of 2112290483.
5501, 383983
What are the prime factors of 1912417063?
31, 61690873
List the prime factors of 814707923.
814707923
What are the prime factors of 38685855?
3, 5, 13, 29, 6841
List the prime factors of 2787140695.
5, 4951, 112589
List the prime factors of 407040544.
2, 67, 189851
List the prime factors of 89639221.
7, 12805603
What are the prime factors of 5739802680?
2, 3, 5, 47831689
What are the prime factors of 116393865?
3, 5, 7, 158359
What are the prime factors of 143831772?
2, 3, 7, 41, 13921
What are the prime factors of 1426685109?
3, 37, 12853019
List the prime factors of 52549375.
5, 83, 1013
List the prime factors of 13821452.
2, 3455363
List the prime factors of 75166291.
109, 689599
What are the prime factors of 48697486?
2, 17, 23, 62273
What are the prime factors of 679648826?
2, 311, 313, 3491
List the prime factors of 209507134.
2, 2131, 49157
List the prime factors of 943751351.
127, 641, 11593
What are the prime factors of 560886109?
7, 41, 43, 47, 967
What are the prime factors of 812390908?
2, 7, 97, 299113
List the prime factors of 213792156.
2, 3, 103, 19219
List the prime factors of 5198178.
2, 3, 631, 1373
What are the prime factors of 18162880?
2, 5, 211, 269
What are the prime factors of 2771217139?
2771217139
What are the prime factors of 175079378?
2, 1201, 72889
What are the prime factors of 31653422?
2, 17, 241, 3863
What are the prime factors of 3975934733?
139, 28603847
What are the prime factors of 53426769?
3, 11, 23, 43, 1637
List the prime factors of 230707721.
13781, 16741
What are the prime factors of 435576418?
2, 6833, 31873
List the prime factors of 11691338.
2, 163, 35863
List the prime factors of 241702984.
2, 61, 179, 2767
List the prime factors of 75763235.
5, 37, 53, 7727
What are the prime factors of 2638678783?
13, 17, 239, 49957
What are the prime factors of 892150701?
3, 13, 17, 1345627
List the prime factors of 3260119.
3260119
What are the prime factors of 913905489?
3, 7, 89, 488981
List the prime factors of 17132517.
3, 37, 51449
List the prime factors of 261668597.
261668597
List the prime factors of 2761596047.
7, 37, 1523219
What are the prime factors of 58901574?
2, 3, 23, 107, 3989
List the prime factors of 258055198.
2, 53, 2434483
List the prime factors of 457805004.
2, 3, 43, 47, 439
List the prime factors of 358197981.
3, 119399327
List the prime factors of 437532147.
3, 13, 3739591
List the prime factors of 201455013.
3, 179, 375149
List the prime factors of 4934132.
2, 7, 313, 563
What are the prime factors of 15118546?
2, 79, 103, 929
What are the prime factors of 2246152546?
2, 11, 102097843
List the prime factors of 309692601.
3, 34410289
What are the prime factors of 487156878?
2, 3, 13, 31, 67157
List the prime factors of 46801042.
2, 59, 396619
What are the prime factors of 92324817?
3, 13, 789101
List the prime factors of 27094735.
5, 5418947
List the prime factors of 2636740743.
3, 7, 13, 31, 311561
List the prime factors of 200077953.
3, 66692651
What are the prime factors of 75432396?
2, 3, 13, 483541
List the prime factors of 4937782316.
2, 23909, 51631
What are the prime factors of 11167370?
2, 5, 751, 1487
What are the prime factors of 1461835616?
2, 45682363
What are the prime factors of 221132064?
2, 3, 97, 23747
What are the prime factors of 28907464?
2, 3613433
List the prime factors of 115426482.
2, 3, 19, 1012513
List the prime factors of 3820775576.
2, 477596947
What are the prime factors of 19030090?
2, 5, 29, 211, 311
List the prime factors of 28625932.
2, 19, 376657
What are the prime factors of 493984758?
2, 3, 47, 1751719
List the prime factors of 402818743.
31, 1109, 11717
What are the prime factors of 413036693?
139, 239, 12433
What are the prime factors of 774385829?
7, 110626547
What are the prime factors of 1685807803?
271, 6220693
List the prime factors of 32742640.
2, 5, 7, 59, 991
List the prime factors of 372837252.
2, 3, 31069771
List the prime factors of 65618728.
2, 7, 67, 17489
List the prime factors of 219252443.
8171, 26833
What are the prime factors of 316963053?
3, 11, 37, 86531
List the prime factors of 181543633.
181543633
List the prime factors of 4535968362.
2, 3, 3671, 205937
List the prime factors of 1524758835.
3, 5, 19, 5350031
What are the prime factors of 1143813940?
2, 5, 29, 1972093
List the prime factors of 3024158387.
61, 49576367
List the prime factors of 197301274.
2, 3319, 29723
What are the prime factors of 2334449828?
2, 583612457
What are the prime factors of 1380708889?
7, 197244127
What are the prime factors of 132877426?
2, 11, 6039883
What are the prime factors of 342919425?
3, 5, 4572259
What are the prime factors of 2673548918?
2, 29, 157, 293603
What are the prime factors of 471802632?
2, 3, 7, 17, 233, 709
What are the prime factors of 406194366?
2, 3, 563, 120247
What are the prime factors of 2094372289?
2094372289
List the prime factors of 537503492.
2, 134375873
What are the prime factors of 8561024567?
8561024567
What are the prime factors of 514097504?
2, 197, 81551
List the prime factors of 372665087.
7297, 51071
What are the prime factors of 1287966588?
2, 3, 7951, 13499
What are the prime factors of 35983645?
5, 17, 349, 1213
What are the prime factors of 84155314?
2, 42077657
List the prime factors of 429612521.
13, 33047117
List the prime factors of 1480439134.
2, 61, 239, 50773
What are the prime factors of 363771510?
2, 3, 5, 937, 12941
What are the prime factors of 1082074615?
5, 157, 1378439
List the prime factors of 792989289.
3, 307, 287003
List the prime factors of 25856763.
3, 587, 14683
What are the prime factors of 32730259?
41, 137, 5827
What are the prime factors of 20125966?
2, 7, 23, 8929
What are the prime factors of 4198534329?
3, 11, 19, 197, 1789
What are the prime factors of 83526836?
2, 20881709
What are the prime factors of 249229117?
249229117
List the prime factors of 94497329.
94497329
List the prime factors of 131460526.
2, 65730263
List the prime factors of 2060774403.
3, 19531, 35171
What are the prime factors of 35471343?
3, 409, 28909
What are the prime factors of 182923506?
2, 3, 61, 166597
What are the prime factors of 977583726?
2, 3, 7, 773, 10037
What are the prime factors of 1331436960?
2, 3, 5, 7, 44029
What are the prime factors of 26653691?
853, 31247
List the prime factors of 1118820391.
13, 1049, 6311
What are the prime factors of 83020966?
2, 7, 5930069
What are the prime factors of 540763530?
2, 3, 5, 457, 39443
What are the prime factors of 202951088?
2, 1801, 7043
What are the prime factors of 41618701?
79, 397, 1327
List the prime factors of 111557727.
3, 83, 149341
List the prime factors of 507544698.
2, 3, 67, 113, 11173
What are the prime factors of 116072221?
1231, 94291
List the prime factors of 50235669.
3, 11, 507431
What are the prime factors of 213136867?
61, 1229, 2843
List the prime factors of 861628824.
2, 3, 7, 317, 5393
List the prime factors of 248143744.
2, 1938623
List the prime factors of 246936791.
7793, 31687
List the prime factors of 53516974.
2, 7, 31, 123311
List the prime factors of 237509877.
3, 11, 431, 16699
List the prime factors of 175170210.
2, 3, 5, 17, 37, 9283
List the prime factors of 111210952.
2, 19, 731651
What are the prime factors of 148696497?
3, 16521833
List the prime factors of 19443759.
3, 37, 47, 3727
What are the prime factors of 8798993?
7, 433, 2903
List the prime factors of 703617621.
3, 7, 33505601
What are the prime factors of 34167856?
2, 67, 31873
What are the prime factors of 178814973?
3, 61, 89, 10979
What are the prime factors of 557312612?
2, 151, 211, 4373
What are the prime factors of 110534519?
479, 230761
What are the prime factors of 120529906?
2, 7, 1229897
List the prime factors of 2997016564.
2, 17, 23, 1916251
What are the prime factors of 73822878?
2, 3, 41, 67, 